 to base 12.
-2470
490 (base 15) to base 6
4443
What is -1324221 (base 5) in base 2?
-110100010111011
12100101 (base 3) to base 12
230a
What is 465 (base 8) in base 9?
373
-999a (base 14) to base 2
-110011111100100
Convert -100241 (base 5) to base 2.
-110001111100
What is -117d (base 16) in base 10?
-4477
What is -32524 (base 6) in base 4?
-1012210
What is 1aa70 (base 12) in base 2?
1001101001110100
What is 20233 (base 6) in base 4?
221331
-1233 (base 5) to base 9
-234
What is -5ad8 (base 15) in base 10?
-19328
Convert -28b (base 13) to base 9.
-553
3531 (base 6) to base 3
1011101
Convert -11111111010011 (base 2) to base 4.
-3333103
Convert 10540 (base 6) to base 8.
2734
14517 (base 8) to base 2
1100101001111
What is 27b (base 12) in base 9?
465
Convert -14483 (base 12) to base 3.
-1102212000
What is -12413 (base 7) in base 10?
-3293
What is 5711 (base 10) in base 3?
21211112
Convert -868 (base 16) to base 5.
-32102
Convert 9ebc (base 16) to base 15.
c091
24251 (base 12) to base 9
73757
What is -111110010 (base 2) in base 11?
-413
What is 120301 (base 5) in base 11?
3387
Convert -121021000 (base 3) to base 13.
-551a
Convert 2334444 (base 5) to base 15.
cb9e
-1633 (base 15) to base 13
-2232
What is -524 (base 16) in base 3?
-1210202
Convert b4b (base 14) to base 10.
2223
What is -389 (base 13) in base 3?
-211222
938c (base 13) to base 9
30872
Convert 100001110111010 (base 2) to base 15.
520d
Convert -10010000010 (base 2) to base 5.
-14104
-23230 (base 4) to base 3
-1000201
Convert -1001111000000 (base 2) to base 9.
-6837
What is -1072a (base 12) in base 8?
-52422
7557 (base 10) to base 9
11326
Convert 595 (base 12) to base 15.
3a8
200020 (base 4) to base 14
a6c
-505 (base 8) to base 15
-16a
What is 2b925 (base 12) in base 6?
1154045
Convert -1555 (base 7) to base 15.
-2bd
What is 1111111011 (base 2) in base 9?
1352
Convert -133322 (base 4) to base 5.
-31132
Convert -1001210220 (base 3) to base 6.
-241123
What is -1645b (base 12) in base 2?
-111110000000111
-112003 (base 4) to base 5
-21121
-23404 (base 6) to base 13
-1708
What is -124 (base 15) in base 4?
-10003
What is -10001101 (base 2) in base 15?
-96
c02 (base 14) to base 2
100100110010
Convert -21224 (base 5) to base 16.
-59f
What is 32 (base 16) in base 5?
200
What is 28606 (base 10) in base 6?
340234
Convert -3578 (base 9) to base 12.
-165b
-a651 (base 13) to base 14
-8586
Convert 1a95 (base 13) to base 8.
7651
-72 (base 15) to base 3
-10222
-101111111000100 (base 2) to base 6
-305300
475e (base 16) to base 8
43536
What is 888 (base 11) in base 7?
3050
148 (base 16) to base 3
110011
What is 20012022 (base 3) in base 16?
11a5
What is -42431 (base 8) in base 10?
-17689
What is -12402 (base 6) in base 15?
-84e
1c93b (base 14) to base 15
16a26
Convert -7367 (base 8) to base 16.
-ef7
-9f86 (base 16) to base 15
-c178
36167 (base 9) to base 10
24199
-216 (base 13) to base 11
-2a5
What is 22222010 (base 3) in base 2?
1100110001001
What is 16041 (base 7) in base 5?
120423
2022314 (base 5) to base 9
50032
7151 (base 11) to base 13
4424
Convert 242a (base 12) to base 13.
1b0a
What is 11403 (base 7) in base 4?
231333
What is 5322 (base 6) in base 11?
9a3
What is 10110110000 (base 2) in base 6?
10424
Convert 146 (base 11) to base 3.
20100
What is -343 (base 5) in base 4?
-1202
Convert 1469 (base 10) to base 12.
a25
-153c (base 14) to base 8
-7302
What is 100121 (base 3) in base 7?
520
Convert 12122 (base 7) to base 11.
2406
What is -25155 (base 6) in base 16?
-e9f
What is a6 (base 16) in base 8?
246
-1611 (base 12) to base 9
-3514
What is -11220201 (base 3) in base 13?
-1828
What is 758 (base 16) in base 2?
11101011000
What is 110012 (base 3) in base 11?
27a
Convert -1878 (base 13) to base 16.
-e40
What is -77c3 (base 16) in base 11?
-21042
What is 7995 (base 11) in base 9?
15367
611 (base 7) to base 10
302
What is 5a9 (base 12) in base 2?
1101010001
What is -1126 (base 7) in base 10?
-412
1745 (base 10) to base 9
2348
-4138 (base 9) to base 14
-1168
220 (base 16) to base 15
264
What is 2260 (base 10) in base 9?
3081
Convert 102020 (base 3) to base 16.
12f
Convert 1001010010 (base 2) to base 4.
21102
-1574 (base 9) to base 11
-9a2
-47f5 (base 16) to base 15
-56d1
-143 (base 9) to base 5
-440
Convert -3313 (base 6) to base 3.
-1001100
22290 (base 10) to base 15
6910
What is 4a (base 16) in base 12?
62
What is 3004 (base 5) in base 13?
232
Convert 13546 (base 8) to base 9.
8185
What is 4700 (base 9) in base 11?
2687
Convert -322026 (base 7) to base 3.
-2211201110
Convert 11545 (base 7) to base 16.
bce
Convert -16640 (base 11) to base 10.
-23397
-5221 (base 6) to base 14
-5d3
Convert -1211221 (base 3) to base 2.
-10101000100
What is 1110011 (base 2) in base 4?
1303
-10110110000 (base 2) to base 3
-1222221
Convert -460 (base 10) to base 11.
-389
130 (base 7) to base 2
1000110
What is -1533 (base 6) in base 15?
-1cc
Convert 132030 (base 5) to base 10.
5265
2011210 (base 3) to base 8
3063
13883 (base 11) to base 4
10303231
-23311 (base 5) to base 9
-2305
-1314 (base 11) to base 14
-8a1
Convert 384 (base 11) to base 13.
290
Convert 10201 (base 3) to base 2.
1100100
13222 (base 4) to base 14
270
Convert 6205 (base 7) to base 9.
2861
What is 1b0f (base 16) in base 5?
210202
Convert -17847 (base 9) to base 14.
-4707
What is a47 (base 14) in base 3?
2202221
Convert -27151 (base 8) to base 13.
-553c
What is 102202 (base 3) in base 5?
2232
Convert -10222 (base 8) to base 13.
-1c14
What is -10dc (base 14) in base 5?
-43223
707 (base 8) to base 5
3310
What is 4202040 (base 5) in base 11?
47946
5020 (base 8) to base 6
15532
202210200 (base 3) to base 5
441130
What is -a97 (base 16) in base 2?
-101010010111
Convert 28199 (base 11) to base 13.
15382
Convert -148 (base 15) to base 14.
-16d
Convert -73146 (base 9) to base 6.
-1011153
-1102120 (base 3) to base 12
-729
1219 (base 11) to base 10
1593
2521 (base 6) to base 2
1001110001
1000110 (base 2) to base 7
130
Convert -101222012 (base 3) to base 8.
-17475
What is 13320 (base 4) in base 6?
2200
What is 182 (base 15) in base 6?
1335
3b42 (base 13) to base 8
20470
124a (base 13) to base 15
b82
-3402 (base 16) to base 15
-3e29
Convert 1010111110 (base 2) to base 9.
860
Convert -110000111100 (base 2) to base 16.
-c3c
What is -601 (base 13) in base 3?
-1101121
Convert 6234 (base 7) to base 12.
1319
Convert -54703 (base 8) to base 3.
-1011112002
Convert -345 (base 10) to base 12.
-249
251 (base 14) to base 6
2051
Convert -7131 (base 8) to base 3.
-12001001
Convert -4334 (base 6) to base 11.
-824
Convert -1217 (base 12) to base 15.
-90a
What is -2154 (base 7) in base 16?
-306
Convert 35501 (base 9) to base 8.
56266
Convert 2224 (base 13) to base 9.
6471
-12102002 (base 3) to base 5
-111234
What is 11110101 (base 2) in base 9?
302
What is -257 (base 14) in base 6?
-2101
Convert 2121 (base 6) to base 7.
1255
What is -102030 (base 4) in base 8?
-2214
Convert -4216 (base 11) to base 16.
-15cf
What is -101121120 (base 3) in base 8?
-17071
102343 (base 5) to base 14
13a1
What is -144c (base 16) in base 4?
-1101030
Convert -11022 (base 7) to base 15.
-c40
What is 3478 (base 13) in base 14?
2982
Convert 1886 (base 11) to base 14.
c2d
32032 (base 4) to base 10
910
-102221 (base 3) to base 10
-322
What is -2b7b (base 14) in base 5?
-222003
What is -10513 (base 6) in base 3?
-2001000
1255 (base 7) to base 13
2b0
fe2 (base 16) to base 10
4066
Convert 43542 (base 7) to base 11.
8217
What is -41522 (base 7) in base 16?
-27e0
What is bba (base 12) in base 3?
2100221
What is 1200 (base 14) in base 11?
23a1
What is -3281 (base 9) in base 6?
-15114
Convert 52026 (base 9) to base 2.
1000010111101111
110000001111101 (base 2) to base 8
60175
What is -2075 (base 9) in base 5?
-22101
Convert -6118 (base 11) to base 9.
-12128
Convert -b538 (base 13) to base 9.
-37333
What is 20231133 (base 4) in base 7?
206010
What is -7b6a (base 16) in base 13?
-114c4
What is 9a0 (base 13) in base 7?
4546
What is 120010112 (base 3) in base 16?
2b16
Convert -101000000 (base 2) to base 12.
-228
What is 10443 (base 5) in base 13?
457
What is -2202 (base 12) in base 8?
-7242
Convert 209b (base 15) to base 7.
26051
-121112012 (base 3) to base 6
-131435
11021001 (base 3) to base 13
154c
What is 516 (base 15) in base